024?
16364032
In base 16, what is -2 + -63dc0?
-63dc2
In base 11, what is 5120 + 145?
5265
In base 9, what is 4 + 1412550?
1412554
In base 6, what is -32 + 2032254?
2032222
In base 8, what is -1372224 + -2?
-1372226
In base 11, what is -19546 + 3?
-19543
In base 7, what is -34445 - 4?
-34452
In base 2, what is -11110100 + 110010110?
10100010
In base 10, what is 67961 - 3?
67958
In base 6, what is 40 + 13034?
13114
In base 10, what is 1 + 862580?
862581
In base 8, what is -1661 + 577?
-1062
In base 3, what is -1 - 20011112201?
-20011112202
In base 10, what is 4 + -26242?
-26238
In base 7, what is -5 + -106564?
-106602
In base 14, what is -2 + -5714?
-5716
In base 7, what is 22 - -6650?
10002
In base 11, what is -1104674 + 4?
-1104670
In base 13, what is 307 + -2?
305
In base 14, what is -1a7 + c5?
-c2
In base 9, what is 2568 + -160?
2408
In base 8, what is -7 + -151021?
-151030
In base 2, what is -110100001 + -1000?
-110101001
In base 5, what is 34 + -14120302?
-14120213
In base 11, what is 507 - 6125?
-5719
In base 10, what is -62041 - -4?
-62037
In base 3, what is -110112 - -12?
-110100
In base 6, what is -115 + -12230?
-12345
In base 5, what is 42 + 20421130?
20421222
In base 5, what is 201 + 34331?
40032
In base 12, what is 7 - -1874?
187b
In base 15, what is 0 + -3dd6?
-3dd6
In base 2, what is 101101 + 11010010?
11111111
In base 15, what is -1c - 15e60?
-15e7c
In base 13, what is 1 - -19b391?
19b392
In base 12, what is -4 - -233234?
233230
In base 15, what is 1 + b45?
b46
In base 4, what is -210310 + 131?
-210113
In base 16, what is -5 + 6ad84?
6ad7f
In base 14, what is -1 + 4940b?
4940a
In base 4, what is -2 + 121301220?
121301212
In base 16, what is d09 - -1a?
d23
In base 10, what is 3650 + 6?
3656
In base 15, what is 3 + -103ed?
-103ea
In base 10, what is 12 - -221730?
221742
In base 4, what is -10031122 - -32?
-10031030
In base 13, what is 2c6032 - -1?
2c6033
In base 7, what is 4636 - -21?
4660
In base 11, what is 24a27 - -3?
24a2a
In base 16, what is 6 + 52c?
532
In base 6, what is 45010 - -5?
45015
In base 12, what is 3 + -132aa?
-132a7
In base 6, what is -12 + -10143511?
-10143523
In base 4, what is -11 - -333321?
333310
In base 6, what is -43122 - -101?
-43021
In base 6, what is -25342411 - 0?
-25342411
In base 15, what is -330 - -285?
-9a
In base 13, what is -2 - -183950?
18394b
In base 6, what is -1440 + -11121?
-13001
In base 8, what is 10167 - 11?
10156
In base 13, what is -2a + -a2c?
-a59
In base 5, what is -1100 + -1410?
-3010
In base 8, what is 4 + 3070225?
3070231
In base 14, what is 0 - -3309?
3309
In base 3, what is 102102001 - -21?
102102022
In base 12, what is 6 - 4109?
-4103
In base 10, what is 4281 - 13?
4268
In base 12, what is 1 - -28067?
28068
In base 15, what is 1ed + 120?
31d
In base 3, what is -22221 - 101212?
-201210
In base 12, what is 45 + 44?
89
In base 9, what is 584 - 53?
531
In base 2, what is 1 + 1111110100111111100?
1111110100111111101
In base 6, what is -50344145 - -2?
-50344143
In base 3, what is -20100110221 - 11?
-20100111002
In base 6, what is 134550 - 1?
134545
In base 12, what is -b81 + 189?
-9b4
In base 11, what is 60968 - -25?
60992
In base 2, what is 1001010 - -1011100011?
1100101101
In base 5, what is -1122 + 2144?
1022
In base 3, what is -2000 - 2211200?
-2220200
In base 2, what is 1 + 10100100100110?
10100100100111
In base 3, what is 20212 - 2210102?
-2112120
In base 8, what is 12 + 10006?
10020
In base 6, what is -130 - -2305?
2135
In base 7, what is -1526 + -13052?
-14611
In base 12, what is 26 + -24478?
-24452
In base 12, what is 1 + 3b7a9?
3b7aa
In base 12, what is 7b + 82?
141
In base 13, what is 296 - 22b0?
-2017
In base 5, what is 22231041 - -3?
22231044
In base 13, what is 2ac6 - 5b?
2a68
In base 4, what is -13022110 - -1?
-13022103
In base 15, what is 9 + -dbc?
-db3
In base 12, what is -a4 + 85?
-1b
In base 12, what is -2 - -38175?
38173
In base 12, what is a4213 + 11?
a4224
In base 6, what is -20 - 5002305?
-5002325
In base 15, what is 47b + 4?
480
In base 4, what is 101020310001 - -11?
101020310012
In base 5, what is 10334 + 20114?
31003
In base 10, what is 10594178 + 4?
10594182
In base 5, what is 2310 + -124402?
-122042
In base 9, what is -2057 + -21?
-2078
In base 4, what is 0 - -1123323231?
1123323231
In base 8, what is 6175 + -267?
5706
In base 4, what is 1 + 1333103?
1333110
In base 4, what is 130 - -3011333?
3012123
In base 9, what is -5 + -661461?
-661466
In base 3, what is 20 - 2001021101?
-2001021011
In base 2, what is -100 + 1111011010010010?
1111011010001110
In base 5, what is 3421331 + -4?
3421322
In base 8, what is 220 + 677?
1117
In base 6, what is 111 + -5521?
-5410
In base 11, what is 3 + 2017a0?
2017a3
In base 4, what is -2 + -10201000332?
-10201001000
In base 13, what is -b703b8 - -2?
-b703b6
In base 8, what is -447154 - 14?
-447170
In base 2, what is -1011 - 111101111000?
-111110000011
In base 15, what is c5 - -29b?
371
In base 15, what is -8 - -d170?
d167
In base 2, what is -111 + 10111000001?
10110111010
In base 16, what is -5242 - 4?
-5246
In base 3, what is 10122 + -1120101?
-1102202
In base 2, what is 1 + 10100101011101100?
10100101011101101
In base 16, what is 13 - 16?
-3
In base 4, what is -1333110 + 12?
-1333032
In base 10, what is 2978 + -1527?
1451
In base 8, what is -17 + -5657?
-5676
In base 15, what is -13 + -a2c1?
-a2d4
In base 8, what is -4 + -626567?
-626573
In base 8, what is 344673 - -5?
344700
In base 12, what is -54b - 342?
-891
In base 13, what is -2 + 9503?
9501
In base 16, what is -2 - -515?
513
In base 7, what is -521001 - 13?
-521014
In base 13, what is 394b - 1?
394a
In base 2, what is -1000011001 - 110100001?
-1110111010
In base 10, what is -4 - 1815?
-1819
In base 9, what is 8 - 282866?
-282857
In base 3, what is 1112002210 - 22?
1112002111
In base 8, what is -2 + 113640?
113636
In base 15, what is -23e - 40d?
-64c
In base 15, what is -287a + -8?
-2883
In base 3, what is -12002 - 1110020?
-1122022
In base 6, what is 13305 - 535?
12330
In base 3, what is -202 - 200211201?
-200212110
In base 12, what is 6 - -7052?
7058
In base 10, what is -397427 + -5?
-397432
In base 6, what is 1305 - 331?
534
In base 8, what is 1626 + 566?
2414
In base 7, what is -152 - 13161?
-13343
In base 14, what is -39886 + -15?
-3989b
In base 3, what is -1220100121 + 11?
-1220100110
In base 8, what is 27415 - -10?
27425
In base 5, what is -303 + 32324?
32021
In base 4, what is 1310120 + -12?
1310102
In base 13, what is 753 + 38a?
b10
In base 7, what is -4264 - -5?
-4256
In base 11, what is 1723a - -8?
17247
In base 3, what is -2100 - 222210?
-1002010
In base 12, what is -335 + 496?
161
In base 16, what is -c - -875a?
874e
In base 8, what is 30 - 43240?
-43210
In base 5, what is -3 + 13203104?
13203101
In base 9, what is 61868 + 1?
61870
In base 6, what is 21313552 + 2?
21313554
In base 3, what is 0 + 121111121?
121111121
In base 2, what is -111011001011 - 100001?
-111011101100
In base 2, what is 100010100011000010000111 + -1?
100010100011000010000110
In base 16, what is -35bd + -18?
-35d5
In base 10, what is -21 + -11250?
-11271
In base 14, what is -1 - 835c?
-835d
In base 5, what is -24 - 100340?
-100414
In base 2, what is -10011 + -101000110100101?
-101000110111000
In base 15, what is 1 + a3e5?
a3e6
In base 16, what is -d3f3 + 2?
-d3f1
In base 5, what is 1 - 400411?
-400410
In base 9, what is 24 - -22500?
22524
In base 7, what is -1051 - -356?
-362
In base 8, what is -3104 - -367?
-2515
In base 8, what is -5 + 240405?
240400
In base 16, what is -16b + 17b?
10
In base 13, what is -64 - -3a47?
39b3
In base 16, what is 38ac - 2?
38aa
In base 15, what is -951 - -12b?
-825
In base 11, what is -507 + 2?
-505
In base 15, what is 82b7 - 4?
82b3
In base 10, what is 17 + -36215?
-36198
In base 10, what is 0 + -66509?
-66509
In base 10, what is 5 - -52494?
52499
In base 10, what is 13 - 115865?
-115852
In base 3, what is 2120011 - 120?
2112121
In base 6, what is 5431 + -5533?
-102
In base 7, what is 1503 - -32?
1535
In base 14, what is c17d - 4?
c179
In base 4, what is 2022 - 12320?
-10232
In base 3, what is 100122012 + 210001?
101102020
In base 16, what is 0 + -dd?
-dd
In base 2, what is 101010001011110110 - -100?
101010001011111010
In base 3, what is -10010101 -